is the units digit of i?
5
Suppose 2*p = f - 4662, 0 = -15*f + 17*f + 2*p - 9306. What is the units digit of f?
6
Let k = -355 - -1187. Suppose 0 = q + 77 - k. What is the units digit of q?
5
Let y(g) = g**2 - 9*g - 24. Let o be y(11). Let s be 7 - (o - -5) - 2. Suppose t + s = 2*t. What is the units digit of t?
2
What is the hundreds digit of 3/(18/109137*98/28)?
1
Let r(n) = 545*n - 660. What is the hundreds digit of r(9)?
2
Let f(l) = -l**2 - 4*l - 2. Let a(t) = t**2 + 3*t + 1. Let i(k) = 3*a(k) + 2*f(k). Let p be i(1). Suppose 3*n + p = 244. What is the tens digit of n?
8
Let m be (-5 + -5)/(-4 - -2). Suppose 93 = m*r - 102. Let f = r - 23. What is the units digit of f?
6
Let s(o) = 9*o**2 - 17*o + 482. What is the thousands digit of s(18)?
3
Let q(p) = 150*p + 516. Let l(i) = -30*i - 103. Let r(v) = -21*l(v) - 4*q(v). What is the units digit of r(17)?
9
What is the hundreds digit of 11 - 1 - (-9285 - -46)?
2
Let c(v) = 6*v**2 - 11*v - 164. What is the thousands digit of c(42)?
9
Let o(c) = -561*c - 17. Let x be o(2). Let t = x - -2537. What is the units digit of t?
8
Let h(i) = i**3 - 12*i**2 - i - 16. Let t be h(12). Suppose w - 5 = 2. What is the tens digit of 12/t + 332/w?
4
Let d = -135 - -130. Let h(i) = -49*i - 45. What is the hundreds digit of h(d)?
2
Suppose -1541 = -9*j + j + 1819. Let l(d) = d**3 + 64. Let b be l(0). Suppose -59*i - j = -b*i. What is the units digit of i?
4
Let g(h) = -5*h**2 + 31*h + 58. Let i be g(-2). What is the units digit of (2712/(-20))/(i/60)?
9
What is the tens digit of 72/90*65565/18?
1
Suppose 3*c - 1 = -5*r, 14 - 4 = -2*c + 2*r. Let h be (-2)/(c + -1 + 3). Suppose 144 = 4*s + 4*m, h*s = -2*s + m + 164. What is the units digit of s?
0
Let m be (60/(-8))/5 + (-371)/2. Let h = 298 - m. Suppose h = 4*u - g, 2*u - 6*g = -3*g + 255. What is the tens digit of u?
2
What is the tens digit of (-54)/(-10)*(2330 + -85)?
2
Let y = 14 - 10. Suppose -4*h + 7*h = 6, -y*d + 3*h = -18. Let u(m) = -m**3 + 8*m**2 + 2*m - 36. What is the tens digit of u(d)?
4
Let l be 15/18 - (-5901)/(-18). Let q = 715 + l. What is the tens digit of q?
8
Suppose -19*a = -18 + 56. Let h(u) = 80*u**2 + 6*u - 1. What is the units digit of h(a)?
7
Let k be (-32739)/(-28) + 6*(-1)/(-8). Suppose 36*d - 46*d = -k. What is the hundreds digit of d?
1
Let h be 0 - 0/(-2) - 2339980/(-79). Suppose -34*d + h = -12880. What is the units digit of d?
0
Let v(u) = 6175*u**2 + 756*u + 1509. What is the hundreds digit of v(-2)?
6
Let h = -1457 + 668. Let y = h + 1626. What is the hundreds digit of y?
8
Let h(b) = -b. Let z be h(0). Suppose z = 3*x - 1375 - 947. What is the units digit of x?
4
Let j(f) be the second derivative of 169*f**3/6 - 82*f**2 + 4*f + 8. What is the hundreds digit of j(6)?
8
Let k be 46354/63 - (-2)/9. Suppose 4*o - k = -2*f, -3*o - 4*f + 585 = 38. What is the units digit of ((-2)/(-6))/(3/(-9)) + o?
4
Let d = 167 - -67. Suppose 0 = 4*r - 1710 + d. What is the units digit of r?
9
Let g(d) = 165*d + 7. Let q(h) = 3*h**2 + 53*h - 14. Let t be q(-18). What is the hundreds digit of g(t)?
6
Suppose -8*m + 649 = -95. Suppose 0 = s - 32 + m. Let l = -38 - s. What is the tens digit of l?
2
Suppose -648 = 5*x + 3*c - 141, x + 106 = 4*c. What is the units digit of (-42*1)/(x/(-12) - 10)?
8
Suppose -47*l + 492 = -41*l. Suppose -11*b - l + 1710 = 0. What is the hundreds digit of b?
1
Let i(b) = 4190*b**2 + 116*b - 117. What is the units digit of i(1)?
9
Suppose 2*g + 6*m - 26691 - 77283 = 0, 5*m - 103981 = -2*g. What is the thousands digit of g?
2
Suppose 4*z = -116 + 132. What is the units digit of (z - 0)/((4/30)/2)?
0
Let z(a) = 17*a**2 + 102*a - 3667. What is the hundreds digit of z(40)?
6
Let b(q) be the third derivative of 31*q**6/6 - q**4/8 + q**3/3 + 14*q**2 - 2*q. What is the hundreds digit of b(1)?
6
Let d = -1786 - -1062. What is the tens digit of (d/(-10) - 0) + (-28)/70?
7
Let z(b) = 78*b**2 - 392*b - 58. What is the units digit of z(-16)?
2
Let n = 5146 - 3158. What is the units digit of n?
8
Let c be (12/5 - 2)/((-6)/(-30)). Suppose -5*o - c*p + 5*p = -1102, -4*p + 856 = 4*o. What is the tens digit of o?
1
Let v be ((-3)/(-3) - 35)/2. Let q(u) = 19*u**2 - 2*u**3 + 3*u**3 - 586 + 599 + 22*u. What is the units digit of q(v)?
7
Let g be -1*(-3 + 3)/5. Suppose 5*i = 5*q + 213 - 1433, 4*q + 5*i - 994 = g. Let j = -157 + q. What is the tens digit of j?
8
Let k = -10 + 15. Suppose k*s = 10 - 0. What is the tens digit of ((435/s)/(-5) + -2)*-2?
9
Let l(s) be the second derivative of s**5/20 - 13*s**4/12 - 4*s**3/3 - 12*s**2 + 34*s. Let w be l(12). Let g = -158 - w. What is the tens digit of g?
0
Suppose 7*b - 16*b = -1683. Suppose b = -7*o - 212. Let i = 13 - o. What is the tens digit of i?
7
Let m(u) = u**3 - 4*u**2 + 12. Let d be m(3). What is the hundreds digit of -9 + 482 + d - -5?
4
Suppose -7*c + i + 95 = -2*c, -110 = -5*c + 4*i. Let g = c - -222. What is the units digit of g?
0
Suppose 8*i + 0 = -40. Let m(k) = -k**2 - 2*k + 15. Let g be m(i). Suppose -5*w + 5*c = -315, w + 2*c - 12 - 39 = g. What is the units digit of w?
9
Suppose -4*b = -7*b - 3*v + 43800, -4*v = -5*b + 73054. What is the hundreds digit of b?
6
Let d = -357 + 365. Suppose 2071 = d*a - 5633. What is the tens digit of a?
6
Let w(p) = 2*p**2 - 5*p - 587. Let k be w(0). Let v = 1091 + k. What is the units digit of v?
4
Let q(u) = 80*u**2 + 4*u + 17. Let d be q(-5). Suppose 3508 = 4*c + 2*f, 3*f - 6384 = -5*c - d. Let m = c - 597. What is the hundreds digit of m?
2
Let d = 41 - -81. What is the tens digit of d/1037 + (-1426)/(-17)?
8
Let v(k) = k**2 + 8*k - 36. Let h be (1 - -7)*35/14. Suppose b + h = -4*g, -6*b + 3*g - 100 = -b. What is the tens digit of v(b)?
0
Let o(q) = -14*q**3 - 2*q**2 + 5*q + 6. Let b = -56 + 53. What is the units digit of o(b)?
1
Suppose 6 = 3*w - 3, -2*l + 3*w - 15 = 0. Let q = l + -9. What is the units digit of (28/q)/7*-3 - -22?
3
What is the hundreds digit of ((-500)/(-2000))/(1/168884)?
2
Let l = -1719 + 1191. What is the tens digit of -5 + -1 - 2 - l?
2
Let s = 284 - 117. Let q = 137 + s. What is the tens digit of q?
0
Suppose -147*a - 21252 = -135*a. Let d = 3181 + a. What is the hundreds digit of d?
4
Let q = 118 + -65. Suppose -17*d + q = -18*d. Let u = 81 + d. What is the tens digit of u?
2
Let k(t) = -t**3 - 2*t + 4. Suppose g = s + 3, -3*g + 5 = -4*s - 4. Let f be k(s). Suppose 0 = -5*c - a + 270, f*c - a - 48 = 3*c. What is the tens digit of c?
5
Let q(a) = -a + 43. Let y(n) = 13*n + 14. Let b be y(-3). What is the units digit of q(b)?
8
Let q(v) = -7 + 8 + 1 - 4*v + 13. Let g(o) = o**2 + 5*o - 14. Let u(c) = 5*g(c) + 6*q(c). What is the tens digit of u(5)?
5
Let s(t) = 2*t**2 - 29*t - 5. Let n(l) = -l**3 + 12*l**2 - 12*l + 27. Let d be (-26)/(-13)*11/2. Let v be n(d). What is the tens digit of s(v)?
4
Let s = -39 - -45. Suppose 2*r + 4*w = w - s, 5*r + 5*w = -5. Suppose r*d - 4*p - 79 = p, 2*d = -3*p + 78. What is the tens digit of d?
3
What is the tens digit of (-5 + 3 + 4)/(-4)*-145*34?
6
Let m(k) be the third derivative of -k**6/120 - 2*k**5/15 + k**4/8 - k**3 - 3*k**2. Let p be ((-4 + 22)/(-2))/(-1 + 2). What is the units digit of m(p)?
8
Let z(n) = n**3 - 3*n**2 + 2*n - 1. Let t be z(-4). Let d = -307 - t. Let k = d - -338. What is the units digit of k?
2
Let x(o) = -21*o + 27. Let f(h) = -7*h + 9. Let w(m) = 17*f(m) - 6*x(m). Let s be w(2). Suppose -s*n + 351 = -274. What is the hundreds digit of n?
1
Let a(z) = 3*z**3 - 8*z**2 + 4*z + 8. Let v be a(5). Suppose -k - 2*m = v, 3*m + 6 = -0. Let p = k - -286. What is the units digit of p?
7
What is the hundreds digit of -161*(-28)/2576*52016/2?
5
What is the tens digit of (-4)/(16/(-18))*107162/33?
1
Let l = 63153 - 37957. What is the ten thousands digit of l?
2
Let i(l) = 2*l**2 - 5*l + 3. Let y be i(4). Let s = -298 + 481. Suppose y = 2*g - s. What is the tens digit of g?
9
Let k(g) = -13*g**3 + 4*g**2 - 8*g - 17. Let u be k(-4). Suppose n + 2*b - 306 = 0, 0 = 2*n - 5*n + b + u. What is the hundreds digit of n?
3
Suppose 42*d = 10*d - 10*d + 1565172. What is the thousands digit of d?
7
Let w(g) be the second derivative of -55*g**3/3 - 11*g**2 - 68*g. What is the hundreds digit of w(-3)?
3
Let b = -8 + 36. Let l = b - 40. Let w(c) = 3*c**2 + 31*c + 24. What is the units 